. Suppose 3*p + 17 = 4*h, -5*h + 2*h + 21 = -5*p. Determine i(h).
0
Let q(c) be the second derivative of -c**4/12 - 3*c**3/2 - 11*c**2/2 - c - 81. What is q(-8)?
-3
Let i(m) be the first derivative of -4 - 5/6*m**3 + 3*m**2 + 2*m + 1/12*m**4. Let r(l) be the first derivative of i(l). Determine r(5).
6
Let o(n) = n**2 - 4*n - 5. Let d(m) = -m**2 - 4*m - 1. Let a be d(-3). Let j(f) = 2*f**2 - 3*f + 1. Let l be j(a). Suppose -l*k - 9 = -27. Calculate o(k).
7
Let m = 9 + -14. Let j(w) = -7*w**2 + 3. Let a(f) be the second derivative of f**4/3 - f**2 - 2*f. Let q(g) = m*a(g) - 3*j(g). Give q(-1).
2
Let b = 1006 - 999. Let p(h) = 2*h - 9. What is p(b)?
5
Let a(t) = -2*t - 3. Suppose 0*k - 2*k = 6. Let n be (1 - -1)*3/6*k. Determine a(n).
3
Let r(p) = p**3 + 2*p**2 + 4*p + 3. Suppose 8*t - 12*t = -20. Let j(n) = 0*n**2 + n**2 - t*n - n - 5*n - 14. Let z be j(12). Give r(z).
-5
Let f be ((-3)/18)/(12/(-72)). Let u(j) = -j**2. Give u(f).
-1
Let v(o) = -8*o**2 - 24*o + 7. Let l(n) = 3*n**2 + 8*n - 2. Suppose -5*p - 15 = 0, -4*r + 3*p + 28 = -p. Let i(u) = r*v(u) + 11*l(u). Give i(5).
-9
Let h(g) = g**2 + 13*g - 5. Suppose 0 = -4*j + 5*a - 23, -a - 10 = j + 7. What is h(j)?
-17
Let f be -1 + 0 + 7 + 1. Let i(c) be the second derivative of -c**4/12 + c**3 + 652*c. Give i(f).
-7
Let l(i) = 14*i + 0 + 20*i**2 - 13*i + 0 + 1. Let t be (65/(-30) - -2)*6. Give l(t).
20
Let b(d) = 9*d**2 - 24*d + 1. Let j(o) = -3*o**2 + 2*o - 1. Let h(c) = -b(c) - 4*j(c). Determine h(-5).
-2
Suppose -13*w - 8 = -11*w. Let p(h) = -2*h**2 - 2*h - 1. Determine p(w).
-25
Let y(r) = -4*r**2 - 16*r + 3. Let k(f) = f**2 + f - 1. Let s(c) = -5*k(c) - y(c). Let g be s(11). Let l(z) = -z**3 + 4*z**2 - 3*z. What is l(g)?
2
Let h(y) = -y**3 + 11*y**2 - 8*y. Let f be h(10). Suppose z - 1 = 3*s + 3, -3*s - 5*z = -f. Let t(g) = 4*g + g + s*g - 6*g. What is t(5)?
-5
Let h(u) = 6*u - 3. Let g(s) = 11*s - 7. Let b(n) = -2*g(n) + 5*h(n). Let j be (-60)/24*(-4)/10. What is b(j)?
7
Let m(u) = -3*u + 2. Suppose 0 = -0*p - 3*p + 3, -2*c + p - 1 = 0. Suppose 0*s + 2*s - 24 = c. Let n = 14 - s. What is m(n)?
-4
Let t(a) = 0*a**2 - 6*a**2 + 5*a**2 + a + 2*a**2 - 10. Determine t(0).
-10
Let b(m) be the first derivative of m**4/4 - 2*m**3 + m**2/2 - 2*m + 20. Let k(d) = 3*d. Let v be k(2). Determine b(v).
4
Let r(w) = w**2 + w - 2. Suppose -20 = -66*a + 71*a. Calculate r(a).
10
Let a = -40 + 43. Let z(n) = 5*n**2 + n**2 - 8*n**2 + 4*n**2 + 3 + n**a. Calculate z(-3).
-6
Let u(v) be the second derivative of v**4/6 - 17*v**3/3 + 21*v**2/2 - 43*v. Let z be u(16). Let b(m) = m**3 + 12*m**2 + 11*m + 7. Determine b(z).
7
Let v(l) = -6*l - l**2 + 16*l - 12*l - 44 - 12*l. Determine v(-8).
4
Let k(t) = t**2 + 12*t + 24. Let v = -1730 - -1719. Determine k(v).
13
Let m(k) = 4*k + 3 - 6 - 4*k**2 - 2 - k**3. Suppose 32 = -4*n - 3*o, -5*n + 6*n + 2*o = -13. What is m(n)?
0
Let m(h) = -h**3 - 4*h**2 + 5*h - 6. Suppose 3 = 8*g - 7*g. Suppose -g*j - q = 3*q + 19, -q = 1. Give m(j).
-6
Let f(r) = 5. Let j(n) = -n + 1. Let a(h) = -h - 7. Let z be a(-8). Let w(i) = z*f(i) + j(i). Let t be w(4). Let k(o) = o**2 - o - 2. Give k(t).
0
Let d(f) = 2*f**2 - 5*f - 3. Let y be d(3). Let h(i) = -16*i + y + 4 + 15*i. What is h(4)?
0
Let h(j) be the second derivative of -j**3/2 - 5*j**2/2 - 451*j. Give h(2).
-11
Let k(y) be the third derivative of -1/120*y**6 + 0*y + 0*y**5 + 0 + 0*y**4 - 7*y**2 + 1/3*y**3. Calculate k(-2).
10
Let w(a) be the third derivative of -a**5/60 + a**4/4 - a**3/6 - 4*a**2. Let f be 7*((-324)/(-63))/9. Calculate w(f).
7
Let n be 3*(2/(-5))/((-3)/(-20)). Let j(c) = c**3 + 8*c**2 + 3*c + 12. Give j(n).
-12
Let j = 6 + -5. Let a be 0/1 + -1 + j. Let v(t) = t**3 + t + 20. Calculate v(a).
20
Let o be (10 - 7)*(1 - (-2)/(-4)). Let x(h) be the first derivative of -3 - 3*h - o*h**2. Give x(-4).
9
Let c(d) = d**2 - 6*d - 1. Suppose w = 4*y + 8, -5*w - 2*y = -0 - 18. Suppose 5*b = -25, 0*j + w*j - 53 = 5*b. Give c(j).
6
Let o = 49 + -1175/24. Let q(r) be the third derivative of 0*r + 0 - 7*r**2 - o*r**4 - 13/6*r**3. Determine q(-6).
-7
Let n be (30/40)/((-2)/(-8)). Let m(f) = -3*f**3 - f**2 - f + 10. Let d(p) = p**3 - 3. Let u(a) = -7*d(a) - 2*m(a). Calculate u(n).
-2
Let v(d) = -6 + 9 - 62*d - 10 + 40*d - 2*d**2. Determine v(-11).
-7
Let h be 3/(-6)*(-1 + 1). Suppose h = 2*f + 3 - 13. Let p(u) = u**3 - 4*u**2 - 5*u + 5. Give p(f).
5
Suppose 3*y = 2*y - 5, 0 = -p - 5*y - 24. Let g(m) = -23*m**3 - m**2 - m + 1. Determine g(p).
-24
Let h = -2450 + 2439. Let f(p) = -2*p**3 - 22*p**2 + p + 9. Give f(h).
-2
Suppose -4*k + 28 = -2*b, -21*b + 24*b + k + 14 = 0. Let m(t) = 6*t - 40. Let g(f) = -f + 8. Let d(n) = -11*g(n) - 2*m(n). Give d(b).
-2
Let d = 53 - 16. Let p = 41 - d. Let r(g) = g + 3. Give r(p).
7
Let t(n) = 17*n + 16. Let b be t(-1). Let c(i) = 4*i**3 + 2*i**2 - 1. What is c(b)?
-3
Let w(b) be the first derivative of b**3/3 - b**2 - 20. Determine w(3).
3
Let v(a) = 4 - 13 - 5*a**2 + 8 - 2*a. Calculate v(-2).
-17
Let x be (1/(-1))/(-2 - 45/(-21)). Let v(m) = m**3 + 7*m**2 - m + 1. Give v(x).
8
Let y(j) = -2*j + 6. Suppose -40 = 48*g - 50*g. Suppose 0*w - g = -5*w. Calculate y(w).
-2
Let o be (-4 - 2/(-1))/(-1). Let f(d) be the third derivative of d**4/8 - d**3/2 - 234*d**2. Determine f(o).
3
Let n(j) = j**2 - j + 7. Let h(r) = 4*r + 34 + 4*r**2 - 8*r - 12. Let k(o) = -2*h(o) + 7*n(o). Determine k(5).
-15
Let m(c) = 4*c - 1. Let v(w) = 7*w - 4. Let y(x) = -5*m(x) + 3*v(x). Calculate y(4).
-3
Let f(z) = -24*z**2 - 13*z - 3. Let h(w) = 3*w + 2 + 3*w + 3*w + 16*w**2. Let t be 47*(-2)/(-18) + (-220)/990. Let c(g) = t*f(g) + 7*h(g). What is c(-1)?
-7
Let u(i) = 3*i**3 - i**2 + 4*i**2 - 4*i**3 + i + 2*i. Calculate u(3).
9
Suppose 35 - 25 = 5*i. Suppose -3*n + 11 = 2, -i*n + 8 = t. Let h(d) = 2*d**3 - 3*d**2 + 2*d. Determine h(t).
8
Let q(b) be the first derivative of 3*b**4/4 - b**3/3 - 2*b + 109. Determine q(2).
18
Let b(p) = p - 13*p - 7*p**2 - 3 + 7*p. Let q(d) = -15*d**2 - 11*d - 6. Let r(v) = -13*v**3. Let t be r(-1). Let g(o) = t*b(o) - 6*q(o). What is g(0)?
-3
Let g(r) = -9*r**3 - 9*r - 11. Let m be -14*2/(-4)*-1. Let h(k) = 5*k + 15 - 6 - 3 + 5*k**3. Let n(w) = m*h(w) - 4*g(w). Determine n(0).
2
Let k(y) be the first derivative of -y**3/3 - 2*y**2 + y - 478. Give k(-5).
-4
Suppose 3*c = -2*d - 1, -4*c - c + 4*d = -35. Let a be (-4)/(-12) + 2/c. Let m be -1 + (7 - a) - -1. Let i(l) = -l + 5. What is i(m)?
-1
Let b be ((-28)/(-8))/7 + 17/2. Let o(m) = m**2 - 8*m - 11. Let g be o(b). Let a(q) = 4*q**2 + 4*q + 2. What is a(g)?
10
Let o(q) = -q**2 - q - 13. Let z be 6/14 - 148/(-14). Suppose 4*x = z*x. What is o(x)?
-13
Let k(t) = -t + 5. Let m = -72 - -74. Let v be (m/5)/((-6)/(-75)). Determine k(v).
0
Let c = 0 - -3. Let s(j) be the first derivative of -c + 8*j - j + j**2 + 2 + 5. What is s(-6)?
-5
Let f(b) = 12581 - 5*b - 12575 + 0*b**3 - b**3 + 6*b**2. What is f(4)?
18
Let t(h) = 1 - 2 - 2*h - 6. Let f(i) = i**2 + 2*i + 6. Let p be f(-4). Suppose -9 + p = -q. Determine t(q).
3
Suppose 2*k = -0*k + 8. Let s(t) be the first derivative of 4 - t + 57*t**2 - 58*t**2 - k*t. What is s(-7)?
9
Let q(x) = x**3 + 4*x**2 - 6*x - 2. Let l = 26 - 17. Suppose i = -l + 4. Determine q(i).
3
Let r(t) be the third derivative of -t**6/120 - t**5/30 + t**4/6 - t**3/2 - 2*t**2. Let o be 4 + -5 + -6 - -9. Give r(o).
-11
Let m(a) be the second derivative of 17*a**4/24 - 3*a**2 + 16*a. Let b(u) be the first derivative of m(u). Give b(-1).
-17
Suppose 0 = a + 4 - 1. Let t(l) be the first derivative of l**2/2 + 3*l - 184. What is t(a)?
0
Suppose -3*c = c - 16. Suppose 23 = 5*f - 4*z, f - 2*z + 27 = 4*f. Let r(q) = 3*q**2 + f*q - q**3 + q**2 - 5*q + 4 - 4*q. What is r(c)?
-4
Let j(w) = -w + 51 - 24 - 26. Calculate j(3).
-2
Let r(u) = 17*u + 4. Let j(y) = -6*y - 2. Let b(q) = 11*j(q) + 4*r(q). What is b(-10)?
-26
Suppose 4*c = -3*z + 24, 0 = -0*z + 2*z - 8. Let w(k) = 11*k - 11*k + 1 - 2*k**2 + k**c + 2*k. What is w(2)?
5
Let h(d) = -d**3 - 6*d**2. Let k be h(-6). Let l(y) = k*y + y**2 + 2*y - y. Suppose -15*f = -12*f + 3*j - 21, 4 = j. What is l(f)?
12
Suppose -3*b - 2*x + 14 = 1, -4*b + 4*x + 4 = 0. Suppose 2*w + 3*f - 3 = -w, 0 = -3*w + b*f - 27. Let l(p) = -2*p - 1. What is l(w)?
7
Suppose 4*z + 21 = -3. Let k(x) = -9*x**2 - 21*x - 14. Let